 are the prime factors of 1584611?
7, 73, 443
List the prime factors of 685692.
2, 3, 7, 907
What are the prime factors of 521735?
5, 104347
What are the prime factors of 670179?
3, 127, 1759
What are the prime factors of 2437?
2437
What are the prime factors of 1742351?
13, 101, 1327
List the prime factors of 1796143.
1796143
List the prime factors of 549956.
2, 11, 29, 431
List the prime factors of 361253.
29, 12457
List the prime factors of 43508.
2, 73, 149
List the prime factors of 2884854.
2, 3, 7, 68687
What are the prime factors of 267253?
7, 73, 523
What are the prime factors of 914563?
13, 70351
List the prime factors of 2368979.
2368979
What are the prime factors of 4336225?
5, 29, 5981
What are the prime factors of 6233218?
2, 3116609
What are the prime factors of 31964199?
3, 17, 626749
What are the prime factors of 3796490?
2, 5, 379649
List the prime factors of 13549531.
317, 42743
List the prime factors of 1169245.
5, 7, 11, 3037
What are the prime factors of 170461?
373, 457
What are the prime factors of 7242827?
547, 13241
What are the prime factors of 987742?
2, 7, 10079
List the prime factors of 5037073.
73, 69001
List the prime factors of 238529.
238529
List the prime factors of 303875.
5, 11, 13, 17
What are the prime factors of 517139?
7, 73877
What are the prime factors of 556747?
61, 9127
List the prime factors of 1548201.
3, 41, 307
List the prime factors of 809831.
11, 83, 887
List the prime factors of 1177207.
1177207
What are the prime factors of 2003415?
3, 5, 23, 5807
What are the prime factors of 319284?
2, 3, 7, 181
What are the prime factors of 767482?
2, 17, 22573
What are the prime factors of 2377234?
2, 23, 51679
What are the prime factors of 671443?
671443
What are the prime factors of 1223456?
2, 13, 17, 173
What are the prime factors of 5953144?
2, 109, 6827
What are the prime factors of 4094349?
3, 7, 241, 809
List the prime factors of 2837104.
2, 177319
What are the prime factors of 6986352?
2, 3, 145549
List the prime factors of 1624947.
3, 163, 3323
List the prime factors of 558684.
2, 3, 7, 739
What are the prime factors of 253740?
2, 3, 5, 4229
What are the prime factors of 3399723?
3, 181, 2087
List the prime factors of 161502.
2, 3, 11, 2447
What are the prime factors of 489473?
37, 13229
List the prime factors of 3710838.
2, 3, 47, 13159
List the prime factors of 13174203.
3, 7, 317, 1979
List the prime factors of 17756165.
5, 7, 19, 26701
List the prime factors of 526210.
2, 5, 101, 521
List the prime factors of 308396.
2, 11, 43, 163
List the prime factors of 379974.
2, 3, 7, 83, 109
What are the prime factors of 5705394?
2, 3, 139, 6841
What are the prime factors of 1064089?
13, 81853
What are the prime factors of 1835394?
2, 3, 11, 27809
List the prime factors of 221735.
5, 61, 727
List the prime factors of 933038.
2, 31, 101, 149
List the prime factors of 30527.
7, 89
List the prime factors of 1734007.
11, 157637
What are the prime factors of 2206245?
3, 5, 147083
List the prime factors of 16926471.
3, 71, 26489
List the prime factors of 421563.
3, 140521
List the prime factors of 762523.
491, 1553
What are the prime factors of 201758?
2, 281, 359
What are the prime factors of 830502?
2, 3, 29, 37, 43
What are the prime factors of 867875?
5, 53, 131
What are the prime factors of 1238603?
17, 72859
List the prime factors of 319788.
2, 3, 7, 47
What are the prime factors of 923777?
577, 1601
List the prime factors of 2727415.
5, 545483
List the prime factors of 276689.
7, 29, 47
List the prime factors of 1303804.
2, 325951
What are the prime factors of 859?
859
What are the prime factors of 801483?
3, 433, 617
What are the prime factors of 64966?
2, 11, 2953
List the prime factors of 8327684.
2, 2081921
List the prime factors of 3069353.
7, 438479
List the prime factors of 140569.
11, 13, 983
What are the prime factors of 5314968?
2, 3, 73819
What are the prime factors of 2136888?
2, 3, 13, 761
List the prime factors of 43526665.
5, 7, 13, 271, 353
List the prime factors of 1635383.
17, 96199
What are the prime factors of 54222?
2, 3, 7, 1291
What are the prime factors of 14939449?
7, 59, 61, 593
List the prime factors of 293984.
2, 9187
List the prime factors of 5138078.
2, 11, 233549
What are the prime factors of 426045?
3, 5, 28403
List the prime factors of 2234937.
3, 271, 2749
List the prime factors of 688343.
181, 3803
List the prime factors of 3695827.
127, 29101
What are the prime factors of 892534?
2, 17, 26251
List the prime factors of 187591.
149, 1259
List the prime factors of 7067136.
2, 3, 43, 107
List the prime factors of 12003813.
3, 79, 16883
What are the prime factors of 227757?
3, 31, 79
What are the prime factors of 528560?
2, 5, 6607
What are the prime factors of 22749228?
2, 3, 37, 5693
What are the prime factors of 673387?
11, 13, 17, 277
What are the prime factors of 883258?
2, 421, 1049
What are the prime factors of 3045686?
2, 7, 17, 67, 191
List the prime factors of 15351224.
2, 7, 467, 587
What are the prime factors of 534645?
3, 5, 109
What are the prime factors of 38609243?
38609243
What are the prime factors of 171516?
2, 3, 14293
What are the prime factors of 8286977?
8286977
What are the prime factors of 725840?
2, 5, 43, 211
What are the prime factors of 2116321?
227, 9323
List the prime factors of 50713.
13, 47, 83
List the prime factors of 1024391.
1024391
What are the prime factors of 127512?
2, 3, 7, 11, 23
List the prime factors of 1434232.
2, 61, 2939
What are the prime factors of 346826?
2, 19, 9127
List the prime factors of 5373703.
97, 55399
What are the prime factors of 123622?
2, 113, 547
What are the prime factors of 17703740?
2, 5, 885187
What are the prime factors of 2426378?
2, 1213189
What are the prime factors of 47526?
2, 3, 89
What are the prime factors of 789399?
3, 13, 173
List the prime factors of 960676.
2, 240169
What are the prime factors of 82390?
2, 5, 7, 11, 107
List the prime factors of 2954613.
3, 877, 1123
List the prime factors of 907447.
907447
What are the prime factors of 6553479?
3, 857, 2549
List the prime factors of 307230.
2, 3, 5, 7, 11, 19
List the prime factors of 207362.
2, 103681
What are the prime factors of 2692627?
7, 109, 3529
List the prime factors of 3907407.
3, 7, 19, 1399
List the prime factors of 6928898.
2, 281, 12329
List the prime factors of 2506088.
2, 13, 24097
What are the prime factors of 528919?
401, 1319
What are the prime factors of 347536?
2, 7, 29, 107
List the prime factors of 2365040.
2, 5, 17, 37, 47
What are the prime factors of 3923677?
59, 73, 911
What are the prime factors of 419476?
2, 104869
List the prime factors of 175653.
3, 29, 673
What are the prime factors of 9175581?
3, 1019509
List the prime factors of 33397799.
43, 776693
What are the prime factors of 842475?
3, 5, 47, 239
What are the prime factors of 879176?
2, 109897
What are the prime factors of 1441347?
3, 480449
What are the prime factors of 258123?
3, 139, 619
What are the prime factors of 3445860?
2, 3, 5, 11, 23, 227
What are the prime factors of 531904?
2, 8311
What are the prime factors of 130578?
2, 3, 7, 3109
What are the prime factors of 4048383?
3, 31, 101, 431
What are the prime factors of 743836?
2, 185959
List the prime factors of 1261928.
2, 233, 677
What are the prime factors of 10526887?
7, 31, 139, 349
List the prime factors of 1014719.
1014719
List the prime factors of 14314855.
5, 23, 124477
List the prime factors of 29226.
2, 3, 4871
List the prime factors of 147382.
2, 59, 1249
List the prime factors of 143172.
2, 3, 41, 97
List the prime factors of 1306633.
1306633
What are the prime factors of 83344?
2, 5209
List the prime factors of 583774.
2, 291887
List the prime factors of 17355037.
7, 19, 130489
List the prime factors of 1010752.
2, 17, 929
List the prime factors of 254809.
19, 13411
List the prime factors of 1356222.
2, 3, 7, 659
What are the prime factors of 299187?
3, 7, 1583
List the prime factors of 823627.
7, 97, 1213
What are the prime factors of 246622?
2, 123311
List the prime factors of 18123194.
2, 367, 24691
What are the prime factors of 368105?
5, 83, 887
List the prime factors of 691389.
3, 29, 883
List the prime factors of 3391352.
2, 241, 1759
List the prime factors of 51158